{"id":273,"date":"2013-10-17T12:03:26","date_gmt":"2013-10-17T12:03:26","guid":{"rendered":"http:\/\/demo.krownthemes.com\/huge\/?page_id=273"},"modified":"2024-12-06T13:43:31","modified_gmt":"2024-12-06T13:43:31","slug":"about-us","status":"publish","type":"page","link":"https:\/\/juanjogana.com.ar\/index.php\/about-us\/","title":{"rendered":"JG Bio"},"content":{"rendered":"<h2><b><img loading=\"lazy\" decoding=\"async\" class=\"wp-image-1639 size-full aligncenter\" src=\"http:\/\/juanjogana.com.ar\/wp-content\/uploads\/2018\/07\/JGCerati-e1531878266150.jpg\" alt=\"\" width=\"900\" height=\"461\" srcset=\"https:\/\/juanjogana.com.ar\/wp-content\/uploads\/2018\/07\/JGCerati-e1531878266150.jpg 900w, https:\/\/juanjogana.com.ar\/wp-content\/uploads\/2018\/07\/JGCerati-e1531878266150-300x154.jpg 300w, https:\/\/juanjogana.com.ar\/wp-content\/uploads\/2018\/07\/JGCerati-e1531878266150-768x393.jpg 768w\" sizes=\"auto, (max-width: 900px) 100vw, 900px\" \/><br \/>\n<\/b><span style=\"color: #808080;\">BIO<\/span><\/h2>\n<h6><span style=\"color: #333333;\"><div data-opened=\"0\" class=\"krown-accordion accordion  clearfix\"> <section>\r\n            <h5>ESTUDIOS<\/h5>\r\n            <div>\u2022 Dise\u00f1ador Gr\u00e1fico y Publicitario. I.E.S. Colegio Universitario. C\u00f3rdoba.<br \/>\n\u2022 Diplomatura Universitaria en Dise\u00f1o Gr\u00e1fico. Universidad Siglo XXI. C\u00f3rdoba.\u00a0<\/div>\r\n        <\/section> <section>\r\n            <h5>IMPRENTAS<\/h5>\r\n            <div> Enamorado de las Artes Gr\u00e1ficas, fue dise\u00f1ador y pre-impresor de las imprentas cordobesas\u00a0&#8220;QuickPrint&#8221;, &#8220;Shopping Bag&#8221; (Packaging &#8211; Serigraf\u00eda), &#8220;Veronesi Impresiones&#8221; y la gigante &#8220;Soluciones Gr\u00e1ficas&#8221;. Generando originales de impresi\u00f3n para todo tipo de sistemas. <\/div>\r\n        <\/section> <section>\r\n            <h5>UNIVERSIDADES<\/h5>\r\n            <div> \u2022 Fue empleado de la Universidad Siglo 21 (C\u00f3rdoba) y de la Universidad Nacional de Quilmes. (Bs. As.) realizando desarrollo web junto a un importante equipo de programadores de sistemas.<br \/>\n\u2022 Desde 2009 trabaja como docente para Ucasal (Universidad Cat\u00f3lica de Salta)<\/div>\r\n        <\/section> <section>\r\n            <h5>PUBLICIDAD<\/h5>\r\n            <div> \u2022 Perteneci\u00f3 al Dpto. de Arte de la Red de Agencias PYLV\/C\u00f3rdoba. <span style=\"color: #999999;\"><a style=\"color: #999999;\" href=\"https:\/\/pylv.com.ar\" target=\"_blank\" rel=\"noopener\">https:\/\/pylv.com.ar<\/a><\/span><\/span><br \/>\n<span style=\"color: #333333;\">\u2022 Fue propietario y Director de Arte de la Agencia PYLV\/Salta, donde adem\u00e1s de publicidad, desarrollaron un proyecto editorial propio, la Revista Cultural: Klan Mag! <\/div>\r\n        <\/section> <section>\r\n            <h5>DOCENCIA<\/h5>\r\n            <div> \u2022 Comenz\u00f3 en C\u00f3rdoba dictando cursos particulares de software de dise\u00f1o: Photoshop, Illustrator y QuarkXpress.<\/span><br \/>\n<span style=\"color: #333333;\">\u2022 Dict\u00f3 el curso &#8220;El ABC del Dise\u00f1o Gr\u00e1fico&#8221; de compilaci\u00f3n propia (de 32 horas reloj), en colegios secundarios de Salta.<\/span><br \/>\n<span style=\"color: #333333;\">\u2022 Fue Profesor de la c\u00e1tedra &#8220;Computaci\u00f3n Gr\u00e1fica II&#8221; (Photoshop), (2011 y 2012) en la Lic. de Dise\u00f1o Gr\u00e1fico de Ucasal.<br \/>\n\u2022 Fue Profesor de la c\u00e1tedra &#8220;Taller de Pr\u00e1ctica de las Artes&#8221; (2011) en la Lic. de Artes Pl\u00e1sticas de Ucasal.<br \/>\n<\/span><span style=\"color: #333333;\">\u2022 Desde 2009 a la actualidad, es Profesor en la Universidad Cat\u00f3lica de Salta, donde dicta las c\u00e1tedras: \u201cTecnolog\u00eda del Dise\u00f1o I&#8221; y &#8220;Dise\u00f1o de Identidad Institucional&#8221; en la Lic. en Dise\u00f1o Gr\u00e1fico.<\/span><span style=\"color: #333333;\"><\/div>\r\n        <\/section> <section>\r\n            <h5>ASOCIACIONES<\/h5>\r\n            <div> Fue Socio Fundador y Vicepresidente de APDGS, Asociaci\u00f3n de Publicitarios y Dise\u00f1adores Gr\u00e1ficos de Salta, con la que intentan revalorizar la profesi\u00f3n fomentando la capacitaci\u00f3n,\u00a0tendiendo al mejoramiento del desempe\u00f1o profesional.\u00a0<\/div>\r\n        <\/section> <section>\r\n            <h5>CAPACITACIONES<\/h5>\r\n            <div> Realiz\u00f3 numerosos cursos y congresos, entre estos, el de \u201cCreativos en l\u00ednea\u201d de la Escuela Superior de Creativos Publicitarios de Buenos Aires, y el curso \u201cEstrategia de Marcas: M\u00e9todo de trabajo para programar el dise\u00f1o de s\u00edmbolos y logotipos de alto rendimiento\u201d, dictado por el Prof. Raul Belluccia y organizado por ForoAlfa. Buenos Aires. <\/div>\r\n        <\/section> <section>\r\n            <h5>ADEM\u00c1S...<\/h5>\r\n            <div> \u2022 Fue t\u00e9cnico de computadoras Apple Macintosh.<\/span><br \/>\n<span style=\"color: #333333;\">\u2022 Ha dise\u00f1ado la Tipograf\u00eda &#8220;Gana Font&#8221;.<\/span><br \/>\n<span style=\"color: #333333;\">\u2022 Fue jurado en concursos de dise\u00f1o.<\/span><br \/>\n<span style=\"color: #333333;\">\u2022 Ha ganado concursos p\u00fablicos de identidad corporativa y de afiches.<br \/>\n\u2022 Dise\u00f1\u00f3 m\u00e1s de 250 marcas corporativas.<br \/>\n<\/span><span style=\"color: #333333;\"><\/div>\r\n        <\/section> <\/div><\/span><\/h6>\n<h3>Gracias:<img loading=\"lazy\" decoding=\"async\" class=\"aligncenter wp-image-1321 size-full\" src=\"http:\/\/juanjogana.com.ar\/wp-content\/uploads\/2018\/07\/Empresas.jpg\" alt=\"\" width=\"1318\" height=\"130\" srcset=\"https:\/\/juanjogana.com.ar\/wp-content\/uploads\/2018\/07\/Empresas.jpg 1318w, https:\/\/juanjogana.com.ar\/wp-content\/uploads\/2018\/07\/Empresas-300x30.jpg 300w, https:\/\/juanjogana.com.ar\/wp-content\/uploads\/2018\/07\/Empresas-768x76.jpg 768w, https:\/\/juanjogana.com.ar\/wp-content\/uploads\/2018\/07\/Empresas-1024x101.jpg 1024w\" sizes=\"auto, (max-width: 1318px) 100vw, 1318px\" \/><\/h3>\n<h4>Sitio hosteado en:<br \/>\n<a href=\"https:\/\/www.ghost.com.ar\" target=\"_blank\" rel=\"noopener noreferrer\"><img loading=\"lazy\" decoding=\"async\" class=\"alignnone wp-image-2253 size-medium\" src=\"https:\/\/juanjogana.com.ar\/wp-content\/uploads\/2018\/11\/Ghost-Hosting-300x130.jpg\" alt=\"\" width=\"300\" height=\"130\" \/><\/a><\/h4>\n","protected":false},"excerpt":{"rendered":"<p>BIO Gracias: Sitio hosteado en:<\/p>\n","protected":false},"author":1,"featured_media":0,"parent":0,"menu_order":0,"comment_status":"open","ping_status":"open","template":"","meta":{"footnotes":""},"class_list":["post-273","page","type-page","status-publish","hentry"],"_links":{"self":[{"href":"https:\/\/juanjogana.com.ar\/index.php\/wp-json\/wp\/v2\/pages\/273","targetHints":{"allow":["GET"]}}],"collection":[{"href":"https:\/\/juanjogana.com.ar\/index.php\/wp-json\/wp\/v2\/pages"}],"about":[{"href":"https:\/\/juanjogana.com.ar\/index.php\/wp-json\/wp\/v2\/types\/page"}],"author":[{"embeddable":true,"href":"https:\/\/juanjogana.com.ar\/index.php\/wp-json\/wp\/v2\/users\/1"}],"replies":[{"embeddable":true,"href":"https:\/\/juanjogana.com.ar\/index.php\/wp-json\/wp\/v2\/comments?post=273"}],"version-history":[{"count":160,"href":"https:\/\/juanjogana.com.ar\/index.php\/wp-json\/wp\/v2\/pages\/273\/revisions"}],"predecessor-version":[{"id":2656,"href":"https:\/\/juanjogana.com.ar\/index.php\/wp-json\/wp\/v2\/pages\/273\/revisions\/2656"}],"wp:attachment":[{"href":"https:\/\/juanjogana.com.ar\/index.php\/wp-json\/wp\/v2\/media?parent=273"}],"curies":[{"name":"wp","href":"https:\/\/api.w.org\/{rel}","templated":true}]}}

<h2><b><img loading="lazy" decoding="async" class="wp-image-1639 size-full aligncenter" src="http://juanjogana.com.ar/wp-content/uploads/2018/07/JGCerati-e1531878266150.jpg" alt="" width="900" height="461" srcset="https://juanjogana.com.ar/wp-content/uploads/2018/07/JGCerati-e1531878266150.jpg 900w, https://juanjogana.com.ar/wp-content/uploads/2018/07/JGCerati-e1531878266150-300x154.jpg 300w, https://juanjogana.com.ar/wp-content/uploads/2018/07/JGCerati-e1531878266150-768x393.jpg 768w" sizes="auto, (max-width: 900px) 100vw, 900px" /><br />
</b><span style="color: #808080;">BIO</span></h2>
<h6><span style="color: #333333;"><div data-opened="0" class="krown-accordion accordion  clearfix"> <section>
            <h5>ESTUDIOS</h5>
            <div>• Diseñador Gráfico y Publicitario. I.E.S. Colegio Universitario. Córdoba.<br />
• Diplomatura Universitaria en Diseño Gráfico. Universidad Siglo XXI. Córdoba. </div>
        </section> <section>
            <h5>IMPRENTAS</h5>
            <div> Enamorado de las Artes Gráficas, fue diseñador y pre-impresor de las imprentas cordobesas &#8220;QuickPrint&#8221;, &#8220;Shopping Bag&#8221; (Packaging &#8211; Serigrafía), &#8220;Veronesi Impresiones&#8221; y la gigante &#8220;Soluciones Gráficas&#8221;. Generando originales de impresión para todo tipo de sistemas. </div>
        </section> <section>
            <h5>UNIVERSIDADES</h5>
            <div> • Fue empleado de la Universidad Siglo 21 (Córdoba) y de la Universidad Nacional de Quilmes. (Bs. As.) realizando desarrollo web junto a un importante equipo de programadores de sistemas.<br />
• Desde 2009 trabaja como docente para Ucasal (Universidad Católica de Salta)</div>
        </section> <section>
            <h5>PUBLICIDAD</h5>
            <div> • Perteneció al Dpto. de Arte de la Red de Agencias PYLV/Córdoba. <span style="color: #999999;"><a style="color: #999999;" href="https://pylv.com.ar" target="_blank" rel="noopener">https://pylv.com.ar</a></span></span><br />
<span style="color: #333333;">• Fue propietario y Director de Arte de la Agencia PYLV/Salta, donde además de publicidad, desarrollaron un proyecto editorial propio, la Revista Cultural: Klan Mag! </div>
        </section> <section>
            <h5>DOCENCIA</h5>
            <div> • Comenzó en Córdoba dictando cursos particulares de software de diseño: Photoshop, Illustrator y QuarkXpress.</span><br />
<span style="color: #333333;">• Dictó el curso &#8220;El ABC del Diseño Gráfico&#8221; de compilación propia (de 32 horas reloj), en colegios secundarios de Salta.</span><br />
<span style="color: #333333;">• Fue Profesor de la cátedra &#8220;Computación Gráfica II&#8221; (Photoshop), (2011 y 2012) en la Lic. de Diseño Gráfico de Ucasal.<br />
• Fue Profesor de la cátedra &#8220;Taller de Práctica de las Artes&#8221; (2011) en la Lic. de Artes Plásticas de Ucasal.<br />
</span><span style="color: #333333;">• Desde 2009 a la actualidad, es Profesor en la Universidad Católica de Salta, donde dicta las cátedras: “Tecnología del Diseño I&#8221; y &#8220;Diseño de Identidad Institucional&#8221; en la Lic. en Diseño Gráfico.</span><span style="color: #333333;"></div>
        </section> <section>
            <h5>ASOCIACIONES</h5>
            <div> Fue Socio Fundador y Vicepresidente de APDGS, Asociación de Publicitarios y Diseñadores Gráficos de Salta, con la que intentan revalorizar la profesión fomentando la capacitación, tendiendo al mejoramiento del desempeño profesional. </div>
        </section> <section>
            <h5>CAPACITACIONES</h5>
            <div> Realizó numerosos cursos y congresos, entre estos, el de “Creativos en línea” de la Escuela Superior de Creativos Publicitarios de Buenos Aires, y el curso “Estrategia de Marcas: Método de trabajo para programar el diseño de símbolos y logotipos de alto rendimiento”, dictado por el Prof. Raul Belluccia y organizado por ForoAlfa. Buenos Aires. </div>
        </section> <section>
            <h5>ADEMÁS...</h5>
            <div> • Fue técnico de computadoras Apple Macintosh.</span><br />
<span style="color: #333333;">• Ha diseñado la Tipografía &#8220;Gana Font&#8221;.</span><br />
<span style="color: #333333;">• Fue jurado en concursos de diseño.</span><br />
<span style="color: #333333;">• Ha ganado concursos públicos de identidad corporativa y de afiches.<br />
• Diseñó más de 250 marcas corporativas.<br />
</span><span style="color: #333333;"></div>
        </section> </div></span></h6>
<h3>Gracias:<img loading="lazy" decoding="async" class="aligncenter wp-image-1321 size-full" src="http://juanjogana.com.ar/wp-content/uploads/2018/07/Empresas.jpg" alt="" width="1318" height="130" srcset="https://juanjogana.com.ar/wp-content/uploads/2018/07/Empresas.jpg 1318w, https://juanjogana.com.ar/wp-content/uploads/2018/07/Empresas-300x30.jpg 300w, https://juanjogana.com.ar/wp-content/uploads/2018/07/Empresas-768x76.jpg 768w, https://juanjogana.com.ar/wp-content/uploads/2018/07/Empresas-1024x101.jpg 1024w" sizes="auto, (max-width: 1318px) 100vw, 1318px" /></h3>
<h4>Sitio hosteado en:<br />
<a href="https://www.ghost.com.ar" target="_blank" rel="noopener noreferrer"><img loading="lazy" decoding="async" class="alignnone wp-image-2253 size-medium" src="https://juanjogana.com.ar/wp-content/uploads/2018/11/Ghost-Hosting-300x130.jpg" alt="" width="300" height="130" /></a></h4>
